is the ten thousands digit of 3848572607?
7
What is the hundreds digit of 1815869931?
9
What is the hundred thousands digit of 67939512?
9
What is the ten thousands digit of 98325194?
2
What is the units digit of 155920155?
5
What is the tens digit of 297448740?
4
What is the tens digit of 177392645?
4
What is the ten thousands digit of 1074039320?
3
What is the hundreds digit of 122655447?
4
What is the thousands digit of 50918446?
8
What is the hundred millions digit of 355737227?
3
What is the millions digit of 408986286?
8
What is the thousands digit of 59277406?
7
What is the hundred millions digit of 1453453292?
4
What is the hundred thousands digit of 40872231?
8
What is the ten thousands digit of 1122099189?
9
What is the tens digit of 51864387?
8
What is the ten thousands digit of 3395597627?
9
What is the hundred millions digit of 670564946?
6
What is the units digit of 23216881?
1
What is the hundred thousands digit of 78446350?
4
What is the millions digit of 64505838?
4
What is the ten millions digit of 619312103?
1
What is the tens digit of 35122009?
0
What is the millions digit of 155437538?
5
What is the thousands digit of 3308635187?
5
What is the millions digit of 46260137?
6
What is the tens digit of 1804587?
8
What is the thousands digit of 1517210718?
0
What is the hundreds digit of 384564405?
4
What is the thousands digit of 339006733?
6
What is the tens digit of 42493304?
0
What is the tens digit of 637240987?
8
What is the ten millions digit of 330335524?
3
What is the hundreds digit of 69470380?
3
What is the ten thousands digit of 50557227?
5
What is the hundreds digit of 1329264?
2
What is the tens digit of 1678930874?
7
What is the hundreds digit of 247799003?
0
What is the millions digit of 5008699?
5
What is the tens digit of 64783555?
5
What is the units digit of 44390205?
5
What is the units digit of 92423137?
7
What is the millions digit of 18461105?
8
What is the hundred thousands digit of 138918983?
9
What is the hundred thousands digit of 2864484017?
4
What is the millions digit of 263940366?
3
What is the tens digit of 8082153721?
2
What is the units digit of 230407?
7
What is the ten millions digit of 357090713?
5
What is the ten thousands digit of 36991341?
9
What is the ten millions digit of 359284107?
5
What is the units digit of 214728445?
5
What is the thousands digit of 76492018?
2
What is the hundreds digit of 2273818764?
7
What is the billions digit of 3177280517?
3
What is the ten thousands digit of 68785680?
8
What is the hundred thousands digit of 7223610815?
6
What is the millions digit of 189926382?
9
What is the ten millions digit of 36956177?
3
What is the ten millions digit of 454736992?
5
What is the units digit of 534351777?
7
What is the hundred millions digit of 565014371?
5
What is the units digit of 1951234191?
1
What is the hundred thousands digit of 3718379731?
3
What is the tens digit of 5498180089?
8
What is the hundred millions digit of 357159377?
3
What is the hundred thousands digit of 73357923?
3
What is the ten millions digit of 58832245?
5
What is the ten thousands digit of 156021174?
2
What is the hundreds digit of 110754369?
3
What is the units digit of 52833963?
3
What is the units digit of 94036882?
2
What is the tens digit of 446567319?
1
What is the millions digit of 873653061?
3
What is the hundreds digit of 32782262?
2
What is the hundred thousands digit of 128153194?
1
What is the units digit of 2735423395?
5
What is the thousands digit of 54324616?
4
What is the ten millions digit of 51809239?
5
What is the thousands digit of 30436490?
6
What is the ten thousands digit of 406190047?
9
What is the thousands digit of 135489668?
9
What is the ten thousands digit of 1095441469?
4
What is the ten millions digit of 112285785?
1
What is the thousands digit of 40366143?
6
What is the units digit of 145147647?
7
What is the millions digit of 30121820?
0
What is the millions digit of 59486491?
9
What is the hundred millions digit of 100252495?
1
What is the units digit of 426715281?
1
What is the hundred thousands digit of 191068064?
0
What is the hundred millions digit of 111343620?
1
What is the thousands digit of 63929418?
9
What is the billions digit of 1724969612?
1
What is the units digit of 63290433?
3
What is the hundreds digit of 51313081?
0
What is the hundred millions digit of 295283547?
2
What is the hundred millions digit of 3008642498?
0
What is the tens digit of 47996440?
4
What is the hundreds digit of 168921050?
0
What is the thousands digit of 102054066?
4
What is the hundred millions digit of 216767001?
2
What is the thousands digit of 184691206?
1
What is the hundreds digit of 431085316?
3
What is the tens digit of 117731250?
5
What is the millions digit of 49989106?
9
What is the tens digit of 34800035?
3
What is the hundred thousands digit of 1790596050?
5
What is the units digit of 1091853516?
6
What is the units digit of 39267718?
8
What is the millions digit of 1824079524?
4
What is the units digit of 60519837?
7
What is the hundred millions digit of 104079365?
1
What is the hundred thousands digit of 396478021?
4
What is the hundred millions digit of 1073770748?
0
What is the hundred millions digit of 127152982?
1
What is the thousands digit of 22356707?
6
What is the millions digit of 352184203?
2
What is the ten millions digit of 446354668?
4
What is the ten thousands digit of 342332537?
3
What is the hundred thousands digit of 1154865130?
8
What is the millions digit of 3343053012?
3
What is the millions digit of 9308248?
9
What is the ten millions digit of 27487719?
2
What is the hundreds digit of 59761460?
4
What is the ten thousands digit of 27612815?
1
What is the hundreds digit of 276880095?
0
What is the hundreds digit of 48952213?
2
What is the thousands digit of 8553645381?
5
What is the units digit of 181100209?
9
What is the units digit of 35565969?
9
What is the ten millions digit of 271844760?
7
What is the ten millions digit of 816969289?
1
What is the billions digit of 6389993021?
6
What is the ten millions digit of 1003924871?
0
What is the hundred thousands digit of 562660860?
6
What is the ten thousands digit of 20627519?
2
What is the hundreds digit of 47471543?
5
What is the thousands digit of 106181847?
1
What is the thousands digit of 42076248?
6
What is the hundred thousands digit of 1878855804?
8
What is the units digit of 55826822?
2
What is the ten thousands digit of 4123699?
2
What is the units digit of 423674730?
0
What is the ten thousands digit of 2535810095?
1
What is the hundreds digit of 74738827?
8
What is the ten millions digit of 4386633884?
8
What is the ten thousands digit of 67390546?
9
What is the hundreds digit of 2347591443?
4
What is the hundred thousands digit of 32135802?
1
What is the hundred thousands digit of 3090258977?
2
What is the ten millions digit of 4252086616?
5
What is the hundred thousands digit of 78052066?
0
What is the units digit of 164118176?
6
What is the units digit of 772692679?
9
What is the hundred thousands digit of 72988966?
9
What is the millions digit of 48114214?
8
What is the hundred millions digit of 676896715?
6
What is the units digit of 46641014?
4
What is the units digit of 1193351330?
0
What is the hundred thousands digit of 16175386?
1
What is the ten thousands digit of 1086444613?
4
What is the ten thousands digit of 5506675025?
7
What is the tens digit of 5961965356?
5
What is the ten millions digit of 64067286?
6
What is the hundred thousands digit of 13263544?
2
What is the tens digit of 141510289?
8
What is the units digit of 4151955669?
9
What is the hundred millions digit of 5253686395?
2
What is the millions digit of 13663042?
3
What is the thousands digit of 581059027?
9
What is the millions digit of 178302444?
8
What is the hundred thousands digit of 3983109?
9
What is the ten thousands digit of 7697558?
9
What is the millions digit of 2616273?
2
What is the tens digit of 126896826?
2
What is the ten thousands digit of 572176902?
7
What is the hundred thousands digit of 1028820681?
8
What is the hundred thousands digit of 22510022?
5
What is the millions digit of 97935669?
7
What is the tens digit of 3157533?
3
What is the thousands digit of 81067454?
7